{"id":6835,"date":"2018-05-03T10:22:23","date_gmt":"2018-05-03T08:22:23","guid":{"rendered":"http:\/\/ostomaz.splet.arnes.si\/?page_id=6835"},"modified":"2018-05-04T12:28:53","modified_gmt":"2018-05-04T10:28:53","slug":"vpis-v-1-razred","status":"publish","type":"page","link":"https:\/\/www.ostomaz.si\/?page_id=6835","title":{"rendered":"Vpis v 1. razred"},"content":{"rendered":"<p>Po 45. \u010dlenu Zakona o osnovni \u0161oli (Uradni list RS, \u0161t. 81\/06, 102\/07, 107\/10, 87\/11) morajo star\u0161i v 1. razred osnovne \u0161ole vpisati otroke, ki bodo v koledarskem letu, v katerem bodo za\u010deli obiskovati \u0161olo, dopolnili 6 let.<\/p>\n<p style=\"text-align: center\"><a href=\"http:\/\/ostomaz.splet.arnes.si\/files\/2018\/05\/59b9108ec9fb5e51e7bfa2f2be9d9178-clipart.jpg\"><img loading=\"lazy\" decoding=\"async\" class=\"alignnone size-medium wp-image-6885\" src=\"http:\/\/ostomaz.splet.arnes.si\/files\/2018\/05\/59b9108ec9fb5e51e7bfa2f2be9d9178-clipart-194x300.jpg\" alt=\"\" width=\"194\" height=\"300\" srcset=\"https:\/\/www.ostomaz.si\/files\/2018\/05\/59b9108ec9fb5e51e7bfa2f2be9d9178-clipart-194x300.jpg 194w, https:\/\/www.ostomaz.si\/files\/2018\/05\/59b9108ec9fb5e51e7bfa2f2be9d9178-clipart-35x55.jpg 35w, https:\/\/www.ostomaz.si\/files\/2018\/05\/59b9108ec9fb5e51e7bfa2f2be9d9178-clipart-470x728.jpg 470w, https:\/\/www.ostomaz.si\/files\/2018\/05\/59b9108ec9fb5e51e7bfa2f2be9d9178-clipart.jpg 637w\" sizes=\"auto, (max-width: 194px) 100vw, 194px\" \/><\/a><\/p>\n<p>Po 48. \u010dlenu Zakona o osnovni \u0161oli (Uradni list RS, \u0161t. 81\/06, 102\/07, 107\/10, 87\/11) imajo star\u0161i pravico vpisati otroka v javno osnovno \u0161olo ali v zasebno osnovno \u0161olo s koncesijo v \u0161olskem okoli\u0161u, v katerem otrok stalno ali za\u010dasno prebiva, javna osnovna \u0161ola oziroma zasebna osnovna \u0161ola s koncesijo v tem okoli\u0161u, pa je dol\u017ena na \u017eeljo star\u0161ev otroka vpisati. V drugo osnovno \u0161olo lahko star\u0161i vpi\u0161ejo otroka, \u010de ta \u0161ola s tem sogla\u0161a.<\/p>\n<p><strong>\u0160OLSKI OKOLI\u0160 O\u0160 SVETI TOMA\u017d<\/strong> zajema naselja: Bratone\u010dice, Gornji Klju\u010darovci, Gradi\u0161\u010de pri Ormo\u017eu, Hranjigovci, Kora\u010dice, Mala vas pri Ormo\u017eu, Mezgovci, Pr\u0161etinci, Rakovci, Rucmanci, Savci, Sejanci, Sen\u010dak, Senik, Sv. Toma\u017e, Trnovci, Zagorje.<\/p>\n","protected":false},"excerpt":{"rendered":"<p>Po 45. \u010dlenu Zakona o [&hellip;]<\/p>\n","protected":false},"author":735,"featured_media":0,"parent":2351,"menu_order":0,"comment_status":"closed","ping_status":"closed","template":"","meta":{"ngg_post_thumbnail":0,"footnotes":""},"class_list":["post-6835","page","type-page","status-publish","hentry"],"_links":{"self":[{"href":"https:\/\/www.ostomaz.si\/index.php?rest_route=\/wp\/v2\/pages\/6835","targetHints":{"allow":["GET"]}}],"collection":[{"href":"https:\/\/www.ostomaz.si\/index.php?rest_route=\/wp\/v2\/pages"}],"about":[{"href":"https:\/\/www.ostomaz.si\/index.php?rest_route=\/wp\/v2\/types\/page"}],"author":[{"embeddable":true,"href":"https:\/\/www.ostomaz.si\/index.php?rest_route=\/wp\/v2\/users\/735"}],"replies":[{"embeddable":true,"href":"https:\/\/www.ostomaz.si\/index.php?rest_route=%2Fwp%2Fv2%2Fcomments&post=6835"}],"version-history":[{"count":6,"href":"https:\/\/www.ostomaz.si\/index.php?rest_route=\/wp\/v2\/pages\/6835\/revisions"}],"predecessor-version":[{"id":6903,"href":"https:\/\/www.ostomaz.si\/index.php?rest_route=\/wp\/v2\/pages\/6835\/revisions\/6903"}],"up":[{"embeddable":true,"href":"https:\/\/www.ostomaz.si\/index.php?rest_route=\/wp\/v2\/pages\/2351"}],"wp:attachment":[{"href":"https:\/\/www.ostomaz.si\/index.php?rest_route=%2Fwp%2Fv2%2Fmedia&parent=6835"}],"curies":[{"name":"wp","href":"https:\/\/api.w.org\/{rel}","templated":true}]}}

<p>Po 45. členu Zakona o osnovni šoli (Uradni list RS, št. 81/06, 102/07, 107/10, 87/11) morajo starši v 1. razred osnovne šole vpisati otroke, ki bodo v koledarskem letu, v katerem bodo začeli obiskovati šolo, dopolnili 6 let.</p>
<p style="text-align: center"><a href="http://ostomaz.splet.arnes.si/files/2018/05/59b9108ec9fb5e51e7bfa2f2be9d9178-clipart.jpg"><img loading="lazy" decoding="async" class="alignnone size-medium wp-image-6885" src="http://ostomaz.splet.arnes.si/files/2018/05/59b9108ec9fb5e51e7bfa2f2be9d9178-clipart-194x300.jpg" alt="" width="194" height="300" srcset="https://www.ostomaz.si/files/2018/05/59b9108ec9fb5e51e7bfa2f2be9d9178-clipart-194x300.jpg 194w, https://www.ostomaz.si/files/2018/05/59b9108ec9fb5e51e7bfa2f2be9d9178-clipart-35x55.jpg 35w, https://www.ostomaz.si/files/2018/05/59b9108ec9fb5e51e7bfa2f2be9d9178-clipart-470x728.jpg 470w, https://www.ostomaz.si/files/2018/05/59b9108ec9fb5e51e7bfa2f2be9d9178-clipart.jpg 637w" sizes="auto, (max-width: 194px) 100vw, 194px" /></a></p>
<p>Po 48. členu Zakona o osnovni šoli (Uradni list RS, št. 81/06, 102/07, 107/10, 87/11) imajo starši pravico vpisati otroka v javno osnovno šolo ali v zasebno osnovno šolo s koncesijo v šolskem okolišu, v katerem otrok stalno ali začasno prebiva, javna osnovna šola oziroma zasebna osnovna šola s koncesijo v tem okolišu, pa je dolžna na željo staršev otroka vpisati. V drugo osnovno šolo lahko starši vpišejo otroka, če ta šola s tem soglaša.</p>
<p><strong>ŠOLSKI OKOLIŠ OŠ SVETI TOMAŽ</strong> zajema naselja: Bratonečice, Gornji Ključarovci, Gradišče pri Ormožu, Hranjigovci, Koračice, Mala vas pri Ormožu, Mezgovci, Pršetinci, Rakovci, Rucmanci, Savci, Sejanci, Senčak, Senik, Sv. Tomaž, Trnovci, Zagorje.</p>

<p>Po 45. členu Zakona o [&hellip;]</p>
