{"id":5321,"date":"2017-09-08T11:28:22","date_gmt":"2017-09-08T09:28:22","guid":{"rendered":"http:\/\/ostomaz.splet.arnes.si\/?page_id=5321"},"modified":"2021-06-01T09:40:16","modified_gmt":"2021-06-01T07:40:16","slug":"projekti-ess","status":"publish","type":"page","link":"https:\/\/www.ostomaz.si\/?page_id=5321","title":{"rendered":"Projekti ESS- &#8220;Prva zaposlitev&#8221;"},"content":{"rendered":"<p><a href=\"http:\/\/ostomaz.splet.arnes.si\/files\/2017\/09\/mss.png\"><img loading=\"lazy\" decoding=\"async\" class=\"wp-image-5323 alignnone\" src=\"http:\/\/ostomaz.splet.arnes.si\/files\/2017\/09\/mss-300x48.png\" alt=\"\" width=\"194\" height=\"31\" \/><\/a><a href=\"http:\/\/ostomaz.splet.arnes.si\/files\/2017\/09\/eu.png\"><img loading=\"lazy\" decoding=\"async\" class=\"alignnone wp-image-5325\" src=\"http:\/\/ostomaz.splet.arnes.si\/files\/2017\/09\/eu-300x130.png\" alt=\"\" width=\"154\" height=\"67\" srcset=\"https:\/\/www.ostomaz.si\/files\/2017\/09\/eu.png 300w, https:\/\/www.ostomaz.si\/files\/2017\/09\/eu-127x55.png 127w\" sizes=\"auto, (max-width: 154px) 100vw, 154px\" \/><\/a><a href=\"http:\/\/ostomaz.splet.arnes.si\/files\/2017\/09\/znaksola.jpg\"><img loading=\"lazy\" decoding=\"async\" class=\"alignnone wp-image-5327\" src=\"http:\/\/ostomaz.splet.arnes.si\/files\/2017\/09\/znaksola-300x150.jpg\" alt=\"\" width=\"168\" height=\"84\" srcset=\"https:\/\/www.ostomaz.si\/files\/2017\/09\/znaksola-300x150.jpg 300w, https:\/\/www.ostomaz.si\/files\/2017\/09\/znaksola-110x55.jpg 110w, https:\/\/www.ostomaz.si\/files\/2017\/09\/znaksola.jpg 313w\" sizes=\"auto, (max-width: 168px) 100vw, 168px\" \/><\/a><\/p>\n<p>Program: Operativni program za izvajanje evropske kohezijske politike v obdobju 2014 \u2013 2020<\/p>\n<p><strong>Javni razpis: &#8220;Prva zaposlitev na podro\u010dju vzgoje in izobra\u017eevanja 2021&#8221;<\/strong><\/p>\n<p style=\"text-align: left\">O\u0160 Sveti Toma\u017e se je prijavila in bila uspe\u0161na na javnem razpisu za dodelitev sredstev \u00bbPrva zaposlitev na podro\u010dju vzgoje in izobra\u017eevanja 2020 (Sklop A; pomo\u010dnik vzgojitelja za\u010detnik), ki ga je Ministrstvo za izobra\u017eevanje, znanost in \u0161port v vlogi posredni\u0161kega organa skladno s slovensko kohezijsko uredbo, objavilo v Uradnem listu RS, \u0161t. 69\/19 in 1\/29. <strong>Operacijo delno financira Evropska unija iz Evropskega socialnega sklada in Ministrstvo za izobra\u017eevanje, znanost in \u0161port. Operacija se izvaja v okviru Operativnega programa za izvajanje evropske kohezijske politike v obdobju od 2014 do 2020.<\/strong><\/p>\n<p style=\"text-align: left\"><strong> Prednostna os: 8<\/strong> \u00bbSpodbujanje zaposlovanja in transnacionalna mobilnost delovne sile\u00ab<\/p>\n<p style=\"text-align: left\"><strong> Prednostna nalo\u017eba: 8.2<\/strong> \u00bbtrajnostna vklju\u010ditev mladih na trg dela (ESS), zlasti tistih, ki niso niti zaposleni niti vklju\u010deni v izobra\u017eevanje in usposabljanj, vklju\u010dno z mladimi, ki jim grozi socialna izklju\u010denost, in mladimi iz marginaliziranih skupnosti, tudi prek izvajanja jamstva za mlade\u00ab<\/p>\n<p style=\"text-align: left\"><strong> Specifi\u010dni cilj: 8.2.1<\/strong> \u00bb Zni\u017eanje brezposelnosti mladih.\u00ab<\/p>\n<p><strong>Zaposlena<\/strong> na projektnem delovnem mestu (vzgojitelj pred\u0161olskih otrok &#8211; pomo\u010dnik vzgojitelja za\u010detnik): Martina Kri\u017eani\u010d<\/p>\n<p><strong>Trajanje operacije<\/strong>: 1. 11. 2020 &#8211; 31. 3. 2021<\/p>\n<p><em><strong>Na\u010drt<\/strong> usposabljanja pomo\u010dnika vzgojitelja za\u010detnika bo temeljil na sledenju naslednjim <strong>ciljem<\/strong>:<\/em><\/p>\n<ul>\n<li>Se odgovorno vklju\u010duje v \u017eivljenje in delo vrtca.<\/li>\n<li>Sprejme naloge, ki so ji zadane in jih vestno opravi.<\/li>\n<li>Upo\u0161teva in izhaja iz Kurikula za vrtce, se ga u\u010di uporabljati pri vzgojnem delu.<\/li>\n<li>Pozna in upo\u0161teva ter razume\u00a0 razvojne zna\u010dilnosti.<\/li>\n<li>S svojim vedenjem deluje v celoti spodbudno in pomirjujo\u010de \u2013 je zgled za otroke.<\/li>\n<li>Se zna ustrezno odzvati na otrokova vpra\u0161anja in jih pri tem spodbuja.<\/li>\n<li>Ima primeren odnos do star\u0161ev, zaposlenih, nadrejenih, upo\u0161teva pravice otrok, star\u0161ev, zna vzpostaviti stik.<\/li>\n<li>Se ustrezno pogovarja z otroki, ima prijeten odnos, uporablja knji\u017eni pogovorni jezik, se trudi v tej smeri.<\/li>\n<li>Sodeluje pri na\u010drtovanju, izvajanju vzgojnega dela. .<\/li>\n<li>Se zna samostojno organizirati in izvajati dejavnosti v koti\u010dkih.<\/li>\n<li>Dobro povezuje strokovno-teoreti\u010dna in prakti\u010dna znanja .<\/li>\n<li>V delo vklju\u010duje znanja iz razli\u010dnih podro\u010dij, obvladuje situacijo in postopoma ne potrebuje pomo\u010di.<\/li>\n<li>Je fleksibilna, se zna prilagoditi situaciji in je pri tem strokovna.<\/li>\n<li>Je sposobna sodelovati z drugimi, sprejemati kompromise.<\/li>\n<li>V delo vna\u0161a svoje ideje in je izvirna .<\/li>\n<li>Poka\u017ee in izkoristi svoja mo\u010dna podro\u010dja (glasba).<\/li>\n<li>Spodbuja ustvarjalnost pri otrocih, je inovativna.<\/li>\n<li>Sodeluje pri skupnih nalogah vrtca v skladu z letnim delovnim na\u010drtom<\/li>\n<li>Se zaveda odgovornosti za varnost otrok.<\/li>\n<\/ul>\n","protected":false},"excerpt":{"rendered":"<p>Program: Operativni program za izvajanje [&hellip;]<\/p>\n","protected":false},"author":735,"featured_media":0,"parent":2051,"menu_order":0,"comment_status":"closed","ping_status":"closed","template":"","meta":{"ngg_post_thumbnail":0,"footnotes":""},"class_list":["post-5321","page","type-page","status-publish","hentry"],"_links":{"self":[{"href":"https:\/\/www.ostomaz.si\/index.php?rest_route=\/wp\/v2\/pages\/5321","targetHints":{"allow":["GET"]}}],"collection":[{"href":"https:\/\/www.ostomaz.si\/index.php?rest_route=\/wp\/v2\/pages"}],"about":[{"href":"https:\/\/www.ostomaz.si\/index.php?rest_route=\/wp\/v2\/types\/page"}],"author":[{"embeddable":true,"href":"https:\/\/www.ostomaz.si\/index.php?rest_route=\/wp\/v2\/users\/735"}],"replies":[{"embeddable":true,"href":"https:\/\/www.ostomaz.si\/index.php?rest_route=%2Fwp%2Fv2%2Fcomments&post=5321"}],"version-history":[{"count":6,"href":"https:\/\/www.ostomaz.si\/index.php?rest_route=\/wp\/v2\/pages\/5321\/revisions"}],"predecessor-version":[{"id":15802,"href":"https:\/\/www.ostomaz.si\/index.php?rest_route=\/wp\/v2\/pages\/5321\/revisions\/15802"}],"up":[{"embeddable":true,"href":"https:\/\/www.ostomaz.si\/index.php?rest_route=\/wp\/v2\/pages\/2051"}],"wp:attachment":[{"href":"https:\/\/www.ostomaz.si\/index.php?rest_route=%2Fwp%2Fv2%2Fmedia&parent=5321"}],"curies":[{"name":"wp","href":"https:\/\/api.w.org\/{rel}","templated":true}]}}

<p><a href="http://ostomaz.splet.arnes.si/files/2017/09/mss.png"><img loading="lazy" decoding="async" class="wp-image-5323 alignnone" src="http://ostomaz.splet.arnes.si/files/2017/09/mss-300x48.png" alt="" width="194" height="31" /></a><a href="http://ostomaz.splet.arnes.si/files/2017/09/eu.png"><img loading="lazy" decoding="async" class="alignnone wp-image-5325" src="http://ostomaz.splet.arnes.si/files/2017/09/eu-300x130.png" alt="" width="154" height="67" srcset="https://www.ostomaz.si/files/2017/09/eu.png 300w, https://www.ostomaz.si/files/2017/09/eu-127x55.png 127w" sizes="auto, (max-width: 154px) 100vw, 154px" /></a><a href="http://ostomaz.splet.arnes.si/files/2017/09/znaksola.jpg"><img loading="lazy" decoding="async" class="alignnone wp-image-5327" src="http://ostomaz.splet.arnes.si/files/2017/09/znaksola-300x150.jpg" alt="" width="168" height="84" srcset="https://www.ostomaz.si/files/2017/09/znaksola-300x150.jpg 300w, https://www.ostomaz.si/files/2017/09/znaksola-110x55.jpg 110w, https://www.ostomaz.si/files/2017/09/znaksola.jpg 313w" sizes="auto, (max-width: 168px) 100vw, 168px" /></a></p>
<p>Program: Operativni program za izvajanje evropske kohezijske politike v obdobju 2014 – 2020</p>
<p><strong>Javni razpis: &#8220;Prva zaposlitev na področju vzgoje in izobraževanja 2021&#8221;</strong></p>
<p style="text-align: left">OŠ Sveti Tomaž se je prijavila in bila uspešna na javnem razpisu za dodelitev sredstev »Prva zaposlitev na področju vzgoje in izobraževanja 2020 (Sklop A; pomočnik vzgojitelja začetnik), ki ga je Ministrstvo za izobraževanje, znanost in šport v vlogi posredniškega organa skladno s slovensko kohezijsko uredbo, objavilo v Uradnem listu RS, št. 69/19 in 1/29. <strong>Operacijo delno financira Evropska unija iz Evropskega socialnega sklada in Ministrstvo za izobraževanje, znanost in šport. Operacija se izvaja v okviru Operativnega programa za izvajanje evropske kohezijske politike v obdobju od 2014 do 2020.</strong></p>
<p style="text-align: left"><strong> Prednostna os: 8</strong> »Spodbujanje zaposlovanja in transnacionalna mobilnost delovne sile«</p>
<p style="text-align: left"><strong> Prednostna naložba: 8.2</strong> »trajnostna vključitev mladih na trg dela (ESS), zlasti tistih, ki niso niti zaposleni niti vključeni v izobraževanje in usposabljanj, vključno z mladimi, ki jim grozi socialna izključenost, in mladimi iz marginaliziranih skupnosti, tudi prek izvajanja jamstva za mlade«</p>
<p style="text-align: left"><strong> Specifični cilj: 8.2.1</strong> » Znižanje brezposelnosti mladih.«</p>
<p><strong>Zaposlena</strong> na projektnem delovnem mestu (vzgojitelj predšolskih otrok &#8211; pomočnik vzgojitelja začetnik): Martina Križanič</p>
<p><strong>Trajanje operacije</strong>: 1. 11. 2020 &#8211; 31. 3. 2021</p>
<p><em><strong>Načrt</strong> usposabljanja pomočnika vzgojitelja začetnika bo temeljil na sledenju naslednjim <strong>ciljem</strong>:</em></p>
<ul>
<li>Se odgovorno vključuje v življenje in delo vrtca.</li>
<li>Sprejme naloge, ki so ji zadane in jih vestno opravi.</li>
<li>Upošteva in izhaja iz Kurikula za vrtce, se ga uči uporabljati pri vzgojnem delu.</li>
<li>Pozna in upošteva ter razume  razvojne značilnosti.</li>
<li>S svojim vedenjem deluje v celoti spodbudno in pomirjujoče – je zgled za otroke.</li>
<li>Se zna ustrezno odzvati na otrokova vprašanja in jih pri tem spodbuja.</li>
<li>Ima primeren odnos do staršev, zaposlenih, nadrejenih, upošteva pravice otrok, staršev, zna vzpostaviti stik.</li>
<li>Se ustrezno pogovarja z otroki, ima prijeten odnos, uporablja knjižni pogovorni jezik, se trudi v tej smeri.</li>
<li>Sodeluje pri načrtovanju, izvajanju vzgojnega dela. .</li>
<li>Se zna samostojno organizirati in izvajati dejavnosti v kotičkih.</li>
<li>Dobro povezuje strokovno-teoretična in praktična znanja .</li>
<li>V delo vključuje znanja iz različnih področij, obvladuje situacijo in postopoma ne potrebuje pomoči.</li>
<li>Je fleksibilna, se zna prilagoditi situaciji in je pri tem strokovna.</li>
<li>Je sposobna sodelovati z drugimi, sprejemati kompromise.</li>
<li>V delo vnaša svoje ideje in je izvirna .</li>
<li>Pokaže in izkoristi svoja močna področja (glasba).</li>
<li>Spodbuja ustvarjalnost pri otrocih, je inovativna.</li>
<li>Sodeluje pri skupnih nalogah vrtca v skladu z letnim delovnim načrtom</li>
<li>Se zaveda odgovornosti za varnost otrok.</li>
</ul>
