{"id":3618,"date":"2016-05-04T11:18:50","date_gmt":"2016-05-04T09:18:50","guid":{"rendered":"http:\/\/ostomaz.splet.arnes.si\/?page_id=3618"},"modified":"2025-08-29T07:24:21","modified_gmt":"2025-08-29T05:24:21","slug":"solski-sklad","status":"publish","type":"page","link":"https:\/\/www.ostomaz.si\/?page_id=3618","title":{"rendered":"\u0160olski sklad"},"content":{"rendered":"<div>UPRAVNI ODBOR \u0160OLSKEGA SKLADA:<\/div>\n<ul>\n<li>Predstavniki star\u0161ev: Ale\u0161 Bukovi\u010d, Andreja Fridman Vidovi\u010d, Andrej Hebar,&nbsp;Sa\u0161a Vor\u0161i\u010d<\/li>\n<li>Predstavniki zaposlenih: Zvonka Lali\u0107, Milena Petek,&nbsp;Marko Lali\u0107<\/li>\n<\/ul>\n<p>Predsednica UO: Zvonka Lali\u0107&nbsp;&nbsp;&nbsp;&nbsp;&nbsp;&nbsp; Podpredsednica UO: Andreja Fridman Vidovi\u010d&nbsp;&nbsp;&nbsp;&nbsp;&nbsp;&nbsp;&nbsp;&nbsp;&nbsp;&nbsp;&nbsp;&nbsp;&nbsp;&nbsp;&nbsp;&nbsp;&nbsp; Zapisnikarica UO: Sa\u0161a Vor\u0161i\u010d<\/p>\n<p>DEJAVNOST SKLADA je pridobivanje sredstev iz:<\/p>\n<ul>\n<li>prispevkov star\u0161ev<\/li>\n<li>prispevkov ob\u010danov<\/li>\n<li>donacij<\/li>\n<li>zapu\u0161\u010din<\/li>\n<li>iz drugih virov, ki so lahko:\n<ul>\n<li>prispevki drugih doma\u010dih in tujih fizi\u010dnih in pravnih oseb,<\/li>\n<li>prihodki od zbiralnih akcij u\u010dencev,<\/li>\n<li>prihodki od prodaje izdelkov u\u010dencev,<\/li>\n<li>prihodki dela tr\u0163ne dejavnosti \u0161ole, ki jih odobri \u0163upan<\/li>\n<\/ul>\n<\/li>\n<\/ul>\n<div>NAMEN SKLADA:<\/div>\n<ul>\n<li>pomo\u010d socialno \u0161ibkim u\u010dencem,<\/li>\n<li>raziskovalna dejavnost na \u0161oli,<\/li>\n<li>pomo\u010d nadarjenim u\u010dencem po posameznih podro\u010djih in financiranje dejavnosti, ki niso sestavina izobra\u0163evalnega programa, oziroma se ne financirajo iz javnih sredstev(izleti, tabori, udele\u0163ba na tekmovanjih, lutkovne in gledali\u0161\u010de predstave, okrogle mize&#8230;),da bi bil le ta dostopen&nbsp; \u010dim ve\u010djemu \u0161tevilu u\u010dencev,<\/li>\n<li>nakup nadstandardne opreme (didakti\u010dna sredstva in pripomo\u010dki, razli\u010dna igrala, avdio-video oprema),<\/li>\n<li>zvi\u0161evanje standarda pouka in podobno.<\/li>\n<\/ul>\n<p><a href=\"http:\/\/ostomaz.splet.arnes.si\/files\/2016\/05\/PRAVILA-\u0160OLSKEGA-SKLADA-2-1.pdf\">PRAVILA \u0160OLSKEGA SKLADA &#8211; klikni za ogled pravil \u0161olskega sklada<\/a><\/p>\n","protected":false},"excerpt":{"rendered":"<p>UPRAVNI ODBOR \u0160OLSKEGA SKLADA: Predstavniki [&hellip;]<\/p>\n","protected":false},"author":735,"featured_media":0,"parent":2382,"menu_order":0,"comment_status":"closed","ping_status":"open","template":"","meta":{"ngg_post_thumbnail":0,"footnotes":""},"class_list":["post-3618","page","type-page","status-publish","hentry"],"_links":{"self":[{"href":"https:\/\/www.ostomaz.si\/index.php?rest_route=\/wp\/v2\/pages\/3618","targetHints":{"allow":["GET"]}}],"collection":[{"href":"https:\/\/www.ostomaz.si\/index.php?rest_route=\/wp\/v2\/pages"}],"about":[{"href":"https:\/\/www.ostomaz.si\/index.php?rest_route=\/wp\/v2\/types\/page"}],"author":[{"embeddable":true,"href":"https:\/\/www.ostomaz.si\/index.php?rest_route=\/wp\/v2\/users\/735"}],"replies":[{"embeddable":true,"href":"https:\/\/www.ostomaz.si\/index.php?rest_route=%2Fwp%2Fv2%2Fcomments&post=3618"}],"version-history":[{"count":7,"href":"https:\/\/www.ostomaz.si\/index.php?rest_route=\/wp\/v2\/pages\/3618\/revisions"}],"predecessor-version":[{"id":22871,"href":"https:\/\/www.ostomaz.si\/index.php?rest_route=\/wp\/v2\/pages\/3618\/revisions\/22871"}],"up":[{"embeddable":true,"href":"https:\/\/www.ostomaz.si\/index.php?rest_route=\/wp\/v2\/pages\/2382"}],"wp:attachment":[{"href":"https:\/\/www.ostomaz.si\/index.php?rest_route=%2Fwp%2Fv2%2Fmedia&parent=3618"}],"curies":[{"name":"wp","href":"https:\/\/api.w.org\/{rel}","templated":true}]}}