{"id":2696,"date":"2015-09-13T08:21:25","date_gmt":"2015-09-13T06:21:25","guid":{"rendered":"http:\/\/ostomaz.splet.arnes.si\/?page_id=2696"},"modified":"2015-09-13T08:21:25","modified_gmt":"2015-09-13T06:21:25","slug":"eduroam","status":"publish","type":"page","link":"https:\/\/www.ostomaz.si\/?page_id=2696","title":{"rendered":"Eduroam"},"content":{"rendered":"<div class=\"art-postcontent\">\n<div class=\"art-article\">\n<p class=\"p1\"><b>1. Predstavitev omre\u017eja<\/b><\/p>\n<p class=\"p2\"><b>Eduroam <\/b>je<b> <\/b>omre\u017eje ustanov, povezanih na omre\u017eje Arnes, ki so vzpostavljena v skladu z enotnimi zahtevami. Te omogo\u010dajo uporabnikom ustanov \u010dlanic preprost in varen dostop do vseh omre\u017eij BIO na drugih ustanovah na enoten na\u010din.<\/p>\n<p class=\"p2\">BIO je del vseevropskega projekta mobilnosti v raziskovalni in izobra\u017eevalni sferi <a href=\"http:\/\/www.eduroam.org\/\"><span class=\"s1\">Eduroam<\/span><\/a>. Slovenski uporabniki lahko gostujejo na evropskih univerzah, ki so povezane v shemo gostovanja Eduroam.<\/p>\n<p class=\"p2\">Pri gostovanju uporabniki Eduroam uporabljajo uporabni\u0161ko ime in geslo, ki jim ga je dodelila mati\u010dna ustanova. Navodila za povezavo v omre\u017eja ustanov gostiteljic v drugih evropskih dr\u017eavah najdete na njihovih spletnih straneh. V skladu s politiko vseevropskega gostovanja, lahko uporabniki za pomo\u010d pri povezovanju zaprosijo le svojo mati\u010dno ustanovo. Vsi uporabniki s priklopom na omre\u017eje sprejemamajo <a href=\"http:\/\/www.arnes.si\/pravila.htm\"><span class=\"s1\">pravila dopustne uporabe<\/span><\/a>!<\/p>\n<p class=\"p2\">Ve\u010d informacij o projektu je na voljo na <a href=\"http:\/\/www.eduroam.si\/\"><span class=\"s1\">eduroam.si<\/span><\/a><\/p>\n<p><strong>2. Pokritost prostorov<\/strong><\/p>\n<p class=\"p2\">Brez\u017ei\u010dno omre\u017eje je na voljo v skoraj vseh prostorih osnovne \u0161ole Sveti Toma\u017e. S signalom so pokriti tudi hodniki v objektih. Signal posamezne dostopne to\u010dke se v nekaterih primerih pokriva s signalom druge dostopne to\u010dke. V tem primeru se brez\u017ei\u010dni odjemalec samodejno preklopi iz ene dostopne to\u010dke na drugo, t.i. roaming.<\/p>\n<p class=\"p1\"><b>3. Tehni\u010dne zahteve za priklop<\/b><\/p>\n<p class=\"p2\">Za uspe\u0161no priklju\u010ditev v brez\u017ei\u010dno omre\u017eje morata operacijski sistem in mre\u017ena kartica podpirati nekatere standarde, imeti pa morate tudi veljavno <i>uporabni\u0161ko ime<\/i> v domeni ostomaz.si.<\/p>\n<p class=\"p2\">\n<b>Povzetek nastavitev:<\/b><\/p>\n<p class=\"p2\">\n\u2022 Ime omre\u017eja (SSID):<b> eduroam<\/b><\/p>\n<p class=\"p2\">\u2022 Standard za brez\u017ei\u010dna omre\u017eja: <b>802.11b\/g<\/b><\/p>\n<p class=\"p2\">\u2022 Protokol overjanja:<b> EAP-TTLS<\/b><\/p>\n<p class=\"p2\">\u2022 Na\u010din \u0161ifriranja: <b>AES<\/b> (WPA2) ali <b>TKIP<\/b> (WPA)<\/p>\n<p class=\"p2\">\u2022 Tuneliran protokol za overjanje: <b>PAP<\/b><\/p>\n<p class=\"p2\">\u2022Zunanje uporabni\u0161ko ime: <b> <a href=\"mail&#116;&#111;&#58;&#97;&#110;&#111;&#110;&#x79;&#x6d;&#x6f;&#x75;&#x73;&#x40;&#x6f;&#x73;&#x74;omaz&#46;&#115;&#105;\">a&#110;&#111;&#x6e;&#x79;m&#111;&#117;&#x73;&#x40;&#x6f;s&#116;&#111;&#x6d;&#x61;z&#46;&#115;&#x69;<\/a><\/b><\/p>\n<p class=\"p2\"><b> <\/b>\u2022 Oblika uporabni\u0161kega ra\u010duna: <b>ime.priimek<\/b><b>@ostomaz.si<\/b><\/p>\n<p class=\"p2\"><b>4. Navodila za priklop<\/b><\/p>\n<p class=\"p2\">Navodila za priklop v eduroam omre\u017eje najdete na strani <a href=\"http:\/\/www.arnes.si\/pomoc-uporabnikom\/eduroam\/navodila-za-povezavo.html\">Arnes<\/a>.<\/p>\n<p class=\"p1\"><b>5. Pomo\u010d in kontaktne osebe<\/b><\/p>\n<p class=\"p2\">Za uspe\u0161no prijavo v omre\u017eje Eduroam potrebujete veljavno uporabni\u0161ko ime in geslo v mati\u010dni organizaciji. U\u010denci in delavci \u0161ole uporabite obstoje\u010de uporabni\u0161ko ime, ki ga imate v domeni ostomaz.si, v obliki <b>ime.priimek<\/b><b>@ostomaz.si<\/b>. Kontaktna oseba je <i>Drago Slavinec<\/i>, tel: (02) 719 5105.<\/p>\n<\/div>\n<\/div>\n","protected":false},"excerpt":{"rendered":"<p>1. Predstavitev omre\u017eja Eduroam je [&hellip;]<\/p>\n","protected":false},"author":735,"featured_media":2697,"parent":0,"menu_order":14,"comment_status":"closed","ping_status":"open","template":"","meta":{"ngg_post_thumbnail":0,"footnotes":""},"class_list":["post-2696","page","type-page","status-publish","has-post-thumbnail","hentry"],"_links":{"self":[{"href":"https:\/\/www.ostomaz.si\/index.php?rest_route=\/wp\/v2\/pages\/2696","targetHints":{"allow":["GET"]}}],"collection":[{"href":"https:\/\/www.ostomaz.si\/index.php?rest_route=\/wp\/v2\/pages"}],"about":[{"href":"https:\/\/www.ostomaz.si\/index.php?rest_route=\/wp\/v2\/types\/page"}],"author":[{"embeddable":true,"href":"https:\/\/www.ostomaz.si\/index.php?rest_route=\/wp\/v2\/users\/735"}],"replies":[{"embeddable":true,"href":"https:\/\/www.ostomaz.si\/index.php?rest_route=%2Fwp%2Fv2%2Fcomments&post=2696"}],"version-history":[{"count":1,"href":"https:\/\/www.ostomaz.si\/index.php?rest_route=\/wp\/v2\/pages\/2696\/revisions"}],"predecessor-version":[{"id":2701,"href":"https:\/\/www.ostomaz.si\/index.php?rest_route=\/wp\/v2\/pages\/2696\/revisions\/2701"}],"wp:featuredmedia":[{"embeddable":true,"href":"https:\/\/www.ostomaz.si\/index.php?rest_route=\/wp\/v2\/media\/2697"}],"wp:attachment":[{"href":"https:\/\/www.ostomaz.si\/index.php?rest_route=%2Fwp%2Fv2%2Fmedia&parent=2696"}],"curies":[{"name":"wp","href":"https:\/\/api.w.org\/{rel}","templated":true}]}}