{"id":2392,"date":"2015-08-25T21:01:26","date_gmt":"2015-08-25T19:01:26","guid":{"rendered":"http:\/\/ostomaz.splet.arnes.si\/?page_id=2392"},"modified":"2025-11-20T04:53:37","modified_gmt":"2025-11-20T03:53:37","slug":"strokovni-delavci","status":"publish","type":"page","link":"https:\/\/www.ostomaz.si\/?page_id=2392","title":{"rendered":"Strokovni delavci"},"content":{"rendered":"<p>Strokovni delavci na na\u0161i \u0161oli:<\/p>\n<table width=\"99%\">\n<tbody>\n<tr>\n<td width=\"26%\">\n<p style=\"text-align: center\">U\u010cITELJ\/-ICA<\/p>\n<\/td>\n<td width=\"73%\">\n<p style=\"text-align: center\">POUK, DRUGO<\/p>\n<\/td>\n<\/tr>\n<tr>\n<td width=\"26%\">Bla\u017e Ajlec<\/td>\n<td width=\"73%\">\u0160PO; IP: I\u0160P, \u0160ZZ, \u0160SP, NIP: \u0161port<\/td>\n<\/tr>\n<tr>\n<td width=\"26%\">Maja Brom\u0161e<\/td>\n<td width=\"73%\">pouk 2. razred (SLJ, MAT, LUM, GUM, SPO, \u0160PO),\u00a0 DOD\/DOP, ISP, ID: likovni kro\u017eek (2. VIO)<\/td>\n<\/tr>\n<tr>\n<td width=\"26%\">Barbara Colnari\u010d<\/td>\n<td width=\"73%\">NAR, BIO, KEM, GOS,\u00a0 organizatorka \u0161olske prehrane, laborant;<\/td>\n<\/tr>\n<tr>\n<td width=\"26%\">Valentina Tibaut<\/td>\n<td width=\"73%\">pouk 3. razred (SLJ, MAT, LUM, SPO, \u0160PO, GUM, DOD\/DOP, ISP)<\/td>\n<\/tr>\n<tr>\n<td width=\"26%\">Tanja Hebar<\/td>\n<td width=\"73%\">SLJ, DOD\/DOP<\/td>\n<\/tr>\n<tr>\n<td width=\"26%\">Aleksandra Kelemina P.<\/td>\n<td width=\"73%\">OPZ, MPZ, GUM, PB<\/td>\n<\/tr>\n<tr>\n<td width=\"26%\">Milena Korpar Majcen<\/td>\n<td width=\"73%\">pouk 1. razred (SLJ, MAT, LUM, GUM, SPO, \u0160PO), DOD\/DOP, ISP<\/td>\n<\/tr>\n<tr>\n<td width=\"26%\">Sara Kramberger<\/td>\n<td width=\"73%\">TJA &#8211; pouk 1., 2., 3.,4., 5.r, DKE, PB<\/td>\n<\/tr>\n<tr>\n<td width=\"26%\">Zvonka Lali\u0107<\/td>\n<td width=\"73%\">pouk 5. razred (SLJ, MAT, GUM, LUM, DRU, NIT, GOS), ISP, DOD\/DOP<\/td>\n<\/tr>\n<tr>\n<td width=\"26%\">Rebeca Peklar<\/td>\n<td width=\"73%\">ZGO, PB<\/td>\n<\/tr>\n<tr>\n<td width=\"26%\">Marija Loren\u010di\u010d<\/td>\n<td width=\"73%\">\u00a0knji\u017eni\u010darka, 2. u\u010diteljica\u00a0 v 1. razredu<\/td>\n<\/tr>\n<tr>\n<td width=\"26%\">Zdravko Majcen<\/td>\n<td width=\"73%\">pouk 4. razred (SLJ, MAT, LUM, GUM, DRU, NIT, \u0160PO), DOD\/DOP, ISP, kolesarski kro\u017eek<\/td>\n<\/tr>\n<tr>\n<td width=\"26%\">Mateja Munda<\/td>\n<td width=\"73%\">TJA, MAT, DOD\/DOP<\/td>\n<\/tr>\n<tr>\n<td width=\"26%\">Silva Raku\u0161a<\/td>\n<td width=\"73%\">GEO, PB, JV<\/td>\n<\/tr>\n<tr>\n<td width=\"26%\">Drago Slavinec<\/td>\n<td width=\"73%\">TIT, FIZ, ROID; IP OGK, NIP: NRA, ID: tehnika (2. VIO)<\/td>\n<\/tr>\n<tr>\n<td width=\"26%\">Nicolette Pondrk<\/td>\n<td width=\"73%\">DSP, svetovalno delo, PB<\/td>\n<\/tr>\n<tr>\n<td width=\"26%\">Zdenka \u0160afari\u010d<\/td>\n<td width=\"73%\">LUM,\u00a0 IP:\u00a0 LS2, ID: likovni kro\u017eek (2. VIO), PB;\u00a0 dopolnjevanje u\u010dne obveze na O\u0160 Mala Nedelja<\/td>\n<\/tr>\n<tr>\n<td width=\"26%\">Nata\u0161a \u0160uen<\/td>\n<td width=\"73%\">svetovalno delo, DSP- pedagoginja<\/td>\n<\/tr>\n<tr>\n<td width=\"26%\">Tadeja Vrbnjak<\/td>\n<td width=\"73%\">MAT, DOD\/DOP, ISP<\/td>\n<\/tr>\n<tr>\n<td width=\"26%\">Marko Lali\u0107<\/td>\n<td width=\"73%\">ravnatelj<\/td>\n<\/tr>\n<\/tbody>\n<\/table>\n<ul>\n<li><\/li>\n<\/ul>\n<p>Vzgojiteljski, u\u010diteljski oziroma predavateljski zbor sestavljajo strokovni delavci javnega vrtca oziroma \u0161ole.<\/p>\n<p>Vzgojiteljski, u\u010diteljski oziroma predavateljski zbor:<\/p>\n<p>\u2013 obravnava in odlo\u010da o strokovnih vpra\u0161anjih, povezanih z vzgojno-izobra\u017eevalnim delom,<\/p>\n<p>\u2013 daje mnenje o letnem delovnem na\u010drtu,<\/p>\n<p>\u2013 predlaga uvedbo nadstandardnih in drugih programov ter dejavnosti,<\/p>\n<p>\u2013 odlo\u010da o posodobitvah programov vzgoje in izobra\u017eevanja in njihovi izvedbi v skladu s predpisi,<\/p>\n<p>\u2013 daje mnenje o predlogu za imenovanje ravnatelja,<\/p>\n<p>\u2013 daje pobude za napredovanje strokovnih delavcev in mnenje o predlogih ravnatelja,<\/p>\n<p>\u2013 odlo\u010da o vzgojnih ukrepih in<\/p>\n<p>\u2013 opravlja druge naloge v skladu z zakonom.<\/p>\n<p><span style=\"color: #0000ff\"><em><strong>Strokovni zbori<\/strong><\/em><\/span><\/p>\n<p><em><strong>U\u010diteljski zbor<\/strong><\/em><\/p>\n<p style=\"text-align: justify\"><em>Naloga u\u010diteljskega zbora je, da: obravnava in odlo\u010da o strokovnih vpra\u0161anjih povezanih s pedago\u0161kim procesom, daje predloge k LDN, predlaga uvedbo nadstandardnih in drugih programov ter dejavnosti, odlo\u010da o posodobitvah vzgojno-izobra\u017eevalnega procesa, odlo\u010da o vzgojnih ukrepih,\u2026<\/em><\/p>\n<p><em><strong>\u00a0Oddel\u010dni u\u010diteljski zbor <\/strong><br \/>\n<\/em><\/p>\n<p style=\"text-align: justify\"><em>Oddel\u010dni u\u010diteljski zbor obravnava vzgojno-izobra\u017eevalno problematiko v oddelku, oblikuje individualizirane programe za delo z nadarjenimi in z u\u010denci s posebnimi potrebami ter u\u010dnimi te\u017eavami, odlo\u010da o vzgojnih ukrepih ter opravlja druge naloge v skladu z zakonom<\/em><\/p>\n<p><em><strong>Razrednik<\/strong><br \/>\n<\/em><\/p>\n<p style=\"text-align: justify\"><em>Razrednik vodi delo oddel\u010dnega u\u010diteljskega zbora, analizira vzgojne in u\u010dne rezultate oddelka, skrbi za re\u0161evanje vzgojnih in u\u010dnih problemov posameznih u\u010dencev, sodeluje s star\u0161i, \u0161olsko svetovalno slu\u017ebo in drugimi strokovnimi sodelavci, odlo\u010da o vzgojnih ukrepih.<\/em><\/p>\n<p><em><strong>\u00a0Sorazrednik<\/strong><\/em><\/p>\n<p><em>Sorazrednik pomaga razredniku pri vodenju razreda in prevzame vlogo razrednika ob dalj\u0161ih odsotnostih razrednika.<\/em><\/p>\n<p><span style=\"color: #0000ff\"><em><strong>\u00a0Strokovni aktivi<\/strong><\/em><\/span><\/p>\n<p style=\"text-align: justify\"><em>V strokovnih aktivih so zbrani u\u010ditelji, ki zaradi svoje sestave lahko na osnovi svojih kompetenc razpravljajo o strokovnih vpra\u0161anjih. Na \u0161oli so organizirani trije strokovni aktivi. Strokovni aktivi pripravijo program dela za teko\u010de \u0161olsko leto. Strokovni aktivi med seboj sodelujejo. Strokovni aktivi se sestanejo najmanj dvakrat v \u0161olskem letu. Program dela strokovnih aktivov za \u0161olsko leto 2015\/16 se nahaja v arhivu \u0161ole.<\/em><\/p>\n<table style=\"height: 116px\" width=\"651\">\n<tbody>\n<tr>\n<td><em><strong>Vrsta aktiva<\/strong><\/em><\/td>\n<td><em><strong>Razredi<\/strong><\/em><\/td>\n<td><em><strong>Vodja aktiva<\/strong><\/em><\/td>\n<\/tr>\n<tr>\n<td>Aktiv razredne stopnje<\/td>\n<td>1, 2, 3, 4, 5<\/td>\n<td>Maja Brom\u0161e<\/td>\n<\/tr>\n<tr>\n<td>Aktiv predmetne stopnje<\/td>\n<td>6, 7, 8, 9<\/td>\n<td>Bla\u017e Ajlec<\/td>\n<\/tr>\n<tr>\n<td>Aktiv podalj\u0161anega bivanja<\/td>\n<td>1, 2, 3, 4, 5<\/td>\n<td>Aleksandra K. Plemeni\u010d<\/td>\n<\/tr>\n<\/tbody>\n<\/table>\n<p>&nbsp;<\/p>\n","protected":false},"excerpt":{"rendered":"<p>Strokovni delavci na na\u0161i \u0161oli: [&hellip;]<\/p>\n","protected":false},"author":735,"featured_media":0,"parent":2382,"menu_order":0,"comment_status":"closed","ping_status":"open","template":"","meta":{"ngg_post_thumbnail":0,"footnotes":""},"class_list":["post-2392","page","type-page","status-publish","hentry"],"_links":{"self":[{"href":"https:\/\/www.ostomaz.si\/index.php?rest_route=\/wp\/v2\/pages\/2392","targetHints":{"allow":["GET"]}}],"collection":[{"href":"https:\/\/www.ostomaz.si\/index.php?rest_route=\/wp\/v2\/pages"}],"about":[{"href":"https:\/\/www.ostomaz.si\/index.php?rest_route=\/wp\/v2\/types\/page"}],"author":[{"embeddable":true,"href":"https:\/\/www.ostomaz.si\/index.php?rest_route=\/wp\/v2\/users\/735"}],"replies":[{"embeddable":true,"href":"https:\/\/www.ostomaz.si\/index.php?rest_route=%2Fwp%2Fv2%2Fcomments&post=2392"}],"version-history":[{"count":16,"href":"https:\/\/www.ostomaz.si\/index.php?rest_route=\/wp\/v2\/pages\/2392\/revisions"}],"predecessor-version":[{"id":23591,"href":"https:\/\/www.ostomaz.si\/index.php?rest_route=\/wp\/v2\/pages\/2392\/revisions\/23591"}],"up":[{"embeddable":true,"href":"https:\/\/www.ostomaz.si\/index.php?rest_route=\/wp\/v2\/pages\/2382"}],"wp:attachment":[{"href":"https:\/\/www.ostomaz.si\/index.php?rest_route=%2Fwp%2Fv2%2Fmedia&parent=2392"}],"curies":[{"name":"wp","href":"https:\/\/api.w.org\/{rel}","templated":true}]}}

<p>Strokovni delavci na naši šoli:</p>
<table width="99%">
<tbody>
<tr>
<td width="26%">
<p style="text-align: center">UČITELJ/-ICA</p>
</td>
<td width="73%">
<p style="text-align: center">POUK, DRUGO</p>
</td>
</tr>
<tr>
<td width="26%">Blaž Ajlec</td>
<td width="73%">ŠPO; IP: IŠP, ŠZZ, ŠSP, NIP: šport</td>
</tr>
<tr>
<td width="26%">Maja Bromše</td>
<td width="73%">pouk 2. razred (SLJ, MAT, LUM, GUM, SPO, ŠPO),  DOD/DOP, ISP, ID: likovni krožek (2. VIO)</td>
</tr>
<tr>
<td width="26%">Barbara Colnarič</td>
<td width="73%">NAR, BIO, KEM, GOS,  organizatorka šolske prehrane, laborant;</td>
</tr>
<tr>
<td width="26%">Valentina Tibaut</td>
<td width="73%">pouk 3. razred (SLJ, MAT, LUM, SPO, ŠPO, GUM, DOD/DOP, ISP)</td>
</tr>
<tr>
<td width="26%">Tanja Hebar</td>
<td width="73%">SLJ, DOD/DOP</td>
</tr>
<tr>
<td width="26%">Aleksandra Kelemina P.</td>
<td width="73%">OPZ, MPZ, GUM, PB</td>
</tr>
<tr>
<td width="26%">Milena Korpar Majcen</td>
<td width="73%">pouk 1. razred (SLJ, MAT, LUM, GUM, SPO, ŠPO), DOD/DOP, ISP</td>
</tr>
<tr>
<td width="26%">Sara Kramberger</td>
<td width="73%">TJA &#8211; pouk 1., 2., 3.,4., 5.r, DKE, PB</td>
</tr>
<tr>
<td width="26%">Zvonka Lalić</td>
<td width="73%">pouk 5. razred (SLJ, MAT, GUM, LUM, DRU, NIT, GOS), ISP, DOD/DOP</td>
</tr>
<tr>
<td width="26%">Rebeca Peklar</td>
<td width="73%">ZGO, PB</td>
</tr>
<tr>
<td width="26%">Marija Lorenčič</td>
<td width="73%"> knjižničarka, 2. učiteljica  v 1. razredu</td>
</tr>
<tr>
<td width="26%">Zdravko Majcen</td>
<td width="73%">pouk 4. razred (SLJ, MAT, LUM, GUM, DRU, NIT, ŠPO), DOD/DOP, ISP, kolesarski krožek</td>
</tr>
<tr>
<td width="26%">Mateja Munda</td>
<td width="73%">TJA, MAT, DOD/DOP</td>
</tr>
<tr>
<td width="26%">Silva Rakuša</td>
<td width="73%">GEO, PB, JV</td>
</tr>
<tr>
<td width="26%">Drago Slavinec</td>
<td width="73%">TIT, FIZ, ROID; IP OGK, NIP: NRA, ID: tehnika (2. VIO)</td>
</tr>
<tr>
<td width="26%">Nicolette Pondrk</td>
<td width="73%">DSP, svetovalno delo, PB</td>
</tr>
<tr>
<td width="26%">Zdenka Šafarič</td>
<td width="73%">LUM,  IP:  LS2, ID: likovni krožek (2. VIO), PB;  dopolnjevanje učne obveze na OŠ Mala Nedelja</td>
</tr>
<tr>
<td width="26%">Nataša Šuen</td>
<td width="73%">svetovalno delo, DSP- pedagoginja</td>
</tr>
<tr>
<td width="26%">Tadeja Vrbnjak</td>
<td width="73%">MAT, DOD/DOP, ISP</td>
</tr>
<tr>
<td width="26%">Marko Lalić</td>
<td width="73%">ravnatelj</td>
</tr>
</tbody>
</table>
<ul>
<li></li>
</ul>
<p>Vzgojiteljski, učiteljski oziroma predavateljski zbor sestavljajo strokovni delavci javnega vrtca oziroma šole.</p>
<p>Vzgojiteljski, učiteljski oziroma predavateljski zbor:</p>
<p>– obravnava in odloča o strokovnih vprašanjih, povezanih z vzgojno-izobraževalnim delom,</p>
<p>– daje mnenje o letnem delovnem načrtu,</p>
<p>– predlaga uvedbo nadstandardnih in drugih programov ter dejavnosti,</p>
<p>– odloča o posodobitvah programov vzgoje in izobraževanja in njihovi izvedbi v skladu s predpisi,</p>
<p>– daje mnenje o predlogu za imenovanje ravnatelja,</p>
<p>– daje pobude za napredovanje strokovnih delavcev in mnenje o predlogih ravnatelja,</p>
<p>– odloča o vzgojnih ukrepih in</p>
<p>– opravlja druge naloge v skladu z zakonom.</p>
<p><span style="color: #0000ff"><em><strong>Strokovni zbori</strong></em></span></p>
<p><em><strong>Učiteljski zbor</strong></em></p>
<p style="text-align: justify"><em>Naloga učiteljskega zbora je, da: obravnava in odloča o strokovnih vprašanjih povezanih s pedagoškim procesom, daje predloge k LDN, predlaga uvedbo nadstandardnih in drugih programov ter dejavnosti, odloča o posodobitvah vzgojno-izobraževalnega procesa, odloča o vzgojnih ukrepih,…</em></p>
<p><em><strong> Oddelčni učiteljski zbor </strong><br />
</em></p>
<p style="text-align: justify"><em>Oddelčni učiteljski zbor obravnava vzgojno-izobraževalno problematiko v oddelku, oblikuje individualizirane programe za delo z nadarjenimi in z učenci s posebnimi potrebami ter učnimi težavami, odloča o vzgojnih ukrepih ter opravlja druge naloge v skladu z zakonom</em></p>
<p><em><strong>Razrednik</strong><br />
</em></p>
<p style="text-align: justify"><em>Razrednik vodi delo oddelčnega učiteljskega zbora, analizira vzgojne in učne rezultate oddelka, skrbi za reševanje vzgojnih in učnih problemov posameznih učencev, sodeluje s starši, šolsko svetovalno službo in drugimi strokovnimi sodelavci, odloča o vzgojnih ukrepih.</em></p>
<p><em><strong> Sorazrednik</strong></em></p>
<p><em>Sorazrednik pomaga razredniku pri vodenju razreda in prevzame vlogo razrednika ob daljših odsotnostih razrednika.</em></p>
<p><span style="color: #0000ff"><em><strong> Strokovni aktivi</strong></em></span></p>
<p style="text-align: justify"><em>V strokovnih aktivih so zbrani učitelji, ki zaradi svoje sestave lahko na osnovi svojih kompetenc razpravljajo o strokovnih vprašanjih. Na šoli so organizirani trije strokovni aktivi. Strokovni aktivi pripravijo program dela za tekoče šolsko leto. Strokovni aktivi med seboj sodelujejo. Strokovni aktivi se sestanejo najmanj dvakrat v šolskem letu. Program dela strokovnih aktivov za šolsko leto 2015/16 se nahaja v arhivu šole.</em></p>
<table style="height: 116px" width="651">
<tbody>
<tr>
<td><em><strong>Vrsta aktiva</strong></em></td>
<td><em><strong>Razredi</strong></em></td>
<td><em><strong>Vodja aktiva</strong></em></td>
</tr>
<tr>
<td>Aktiv razredne stopnje</td>
<td>1, 2, 3, 4, 5</td>
<td>Maja Bromše</td>
</tr>
<tr>
<td>Aktiv predmetne stopnje</td>
<td>6, 7, 8, 9</td>
<td>Blaž Ajlec</td>
</tr>
<tr>
<td>Aktiv podaljšanega bivanja</td>
<td>1, 2, 3, 4, 5</td>
<td>Aleksandra K. Plemenič</td>
</tr>
</tbody>
</table>
<p>&nbsp;</p>

<p>Strokovni delavci na naši šoli: [&hellip;]</p>
