{"id":2347,"date":"2015-08-25T09:27:51","date_gmt":"2015-08-25T07:27:51","guid":{"rendered":"http:\/\/ostomaz.splet.arnes.si\/?page_id=2347"},"modified":"2025-11-06T12:09:32","modified_gmt":"2025-11-06T11:09:32","slug":"upravljanje-os-sveti-tomaz","status":"publish","type":"page","link":"https:\/\/www.ostomaz.si\/?page_id=2347","title":{"rendered":"Upravljanje O\u0160 Sveti Toma\u017e"},"content":{"rendered":"<p><span style=\"color: #0000ff\"><strong>Upravljanje Osnovne \u0161ole Sveti Toma\u017e<\/strong><\/span><\/p>\n<p>\u0160olo upravlja ravnatelj in Svet \u0161ole. Ravnatelj je Marko Lali\u0107. Svet \u0161ole ima \u0161tiriletni mandat. Sestavljajo ga:<\/p>\n<table width=\"700\">\n<tbody>\n<tr>\n<td><em><strong>Predstavniki ustanovitelja Ob\u010dine Sveti Toma\u017e<\/strong><\/em><\/td>\n<td>Zlatka Majcen<\/td>\n<td>&#x7a;&#x6c;&#x61;&#116;&#107;&#97;&#46;m&#x61;&#x6a;&#x63;&#x65;&#110;&#64;gu&#x65;&#x73;&#x74;&#x2e;&#97;&#114;ne&#x73;&#x2e;&#x73;&#x69;<\/td>\n<\/tr>\n<tr>\n<td>&nbsp;<\/td>\n<td>Samuel Megla<\/td>\n<td>samuel&#46;megla&#64;gmail&#46;com<\/td>\n<\/tr>\n<tr>\n<td>&nbsp;<\/td>\n<td>Du\u0161anka Ozmec<\/td>\n<td>&#x64;&#117;&#115;&#x61;&#x6e;&#107;&#97;&#x2e;&#x6f;&#122;&#109;&#x65;&#x63;&#64;&#103;&#x6d;&#x61;&#105;&#108;&#x2e;&#x63;&#111;&#109;<\/td>\n<\/tr>\n<tr>\n<td><em><strong>Predstavnice star\u0161ev<\/strong><\/em><\/td>\n<td>Jessica Metelko Bratu\u0161a<\/td>\n<td>jess&#105;&#99;&#97;&#46;&#109;&#x65;&#x74;&#x65;&#x6c;&#x6b;&#x6f;&#x40;gmai&#108;&#46;&#99;&#111;&#109;<\/td>\n<\/tr>\n<tr>\n<td>&nbsp;<\/td>\n<td>Anita Vogrinec<\/td>\n<td>anit&#97;&#46;&#118;&#111;&#103;&#114;&#105;&#x6e;&#x65;&#x63;&#x40;&#x67;&#x6d;&#x61;&#x69;&#x6c;&#46;com<\/td>\n<\/tr>\n<tr>\n<td>&nbsp;<\/td>\n<td>Jerneja Lesjak<\/td>\n<td>&#106;e&#x72;n&#x65;j&#x61;&#97;&#x61;&#64;&#x67;&#109;a&#x69;l&#x2e;c&#x6f;&#109;<\/td>\n<\/tr>\n<tr>\n<td><em><strong>Predstavniki O\u0160 Sveti Toma\u017e<\/strong><\/em><\/td>\n<td>Tadeja Vrbnjak (predsednica)<\/td>\n<td>&#x74;&#x61;&#x64;&#101;&#106;a&#46;&#x76;&#x72;&#x62;&#x6e;&#106;&#97;k&#64;&#x67;&#x6d;&#x61;&#105;&#108;&#46;co&#x6d;<\/td>\n<\/tr>\n<tr>\n<td>&nbsp;<\/td>\n<td>Ivanka Ozmec<\/td>\n<td>&#x69;&#x76;&#97;&#110;k&#x61;&#x2e;&#x6f;&#122;me&#x63;&#x40;&#103;&#117;e&#x73;&#x74;&#x2e;&#97;rn&#x65;&#x73;&#46;&#115;i<\/td>\n<\/tr>\n<tr>\n<td>&nbsp;<\/td>\n<td>Sara Kramberger<\/td>\n<td>sara&#46;&#107;&#114;&#97;&#109;&#x62;&#x65;&#x72;&#x67;&#x65;&#x72;&#x40;gmai&#108;&#46;&#99;&#111;&#109;<\/td>\n<\/tr>\n<tr>\n<td>&nbsp;<\/td>\n<td>Aleksandra Kelemina Plemeni\u010d<\/td>\n<td>&#x61;&#x6b;&#x65;&#x6c;&#x65;&#x6d;&#x69;&#110;&#97;&#64;&#103;&#109;ail&#46;&#x63;&#x6f;&#x6d;<\/td>\n<\/tr>\n<tr>\n<td>&nbsp;<\/td>\n<td>Tanja Hebar<\/td>\n<td>&#x74;&#x61;&#110;&#106;&#97;&#46;&#x6d;&#x69;&#x6b;&#115;&#97;&#64;g&#x75;&#x65;&#x73;&#116;&#46;a&#x72;&#x6e;&#x65;&#115;&#46;&#115;i<\/td>\n<\/tr>\n<\/tbody>\n<\/table>\n<p style=\"text-align: justify\">Predstavnike star\u0161ev v Svet \u0161ole voli Svet star\u0161ev, ki je sestavljen iz predstavnikov star\u0161ev vsakega posameznega oddelka \u0161ole in vrtca in je organiziran za uresni\u010devanje interesov star\u0161ev v \u0161oli in v vrtcu. Svet star\u0161ev in Svet \u0161ole bosta delovala v skladu z veljavno zakonodajo in podzakonskimi predpisi, Pravili \u0161ole in Poslovnikom Sveta \u0161ole. Pristojnosti sveta \u0161ole opredeljuje 48. \u010dlen Zakona o organizaciji in financiranju v vzgoji in izobra\u017eevanju.<\/p>\n<p>Nekaj najpomembnej\u0161ih nalog iz pristojnosti Sveta \u0161ole:<\/p>\n<ul>\n<li>obravnava in sprejem Letnega delovnega na\u010drta,<\/li>\n<li>obravnava analize vzgojno &#8211; izobra\u017eevalnega dela,<\/li>\n<li>spremljanje rezultatov projektov in ostalih oblik dela,<\/li>\n<li>obravnava realizacije izvajanja Letnega delovnega na\u010drta \u0161ole,<\/li>\n<li>obravnava in sprejem letnega poro\u010dila z zaklju\u010dnim ra\u010dunom,<\/li>\n<li>ocenjevanje dela ravnateljice,<\/li>\n<li>ostala teko\u010da problematika.<\/li>\n<\/ul>\n","protected":false},"excerpt":{"rendered":"<p>Upravljanje Osnovne \u0161ole Sveti Toma\u017e [&hellip;]<\/p>\n","protected":false},"author":735,"featured_media":2377,"parent":1699,"menu_order":0,"comment_status":"closed","ping_status":"open","template":"","meta":{"ngg_post_thumbnail":0,"footnotes":""},"class_list":["post-2347","page","type-page","status-publish","has-post-thumbnail","hentry"],"_links":{"self":[{"href":"https:\/\/www.ostomaz.si\/index.php?rest_route=\/wp\/v2\/pages\/2347","targetHints":{"allow":["GET"]}}],"collection":[{"href":"https:\/\/www.ostomaz.si\/index.php?rest_route=\/wp\/v2\/pages"}],"about":[{"href":"https:\/\/www.ostomaz.si\/index.php?rest_route=\/wp\/v2\/types\/page"}],"author":[{"embeddable":true,"href":"https:\/\/www.ostomaz.si\/index.php?rest_route=\/wp\/v2\/users\/735"}],"replies":[{"embeddable":true,"href":"https:\/\/www.ostomaz.si\/index.php?rest_route=%2Fwp%2Fv2%2Fcomments&post=2347"}],"version-history":[{"count":13,"href":"https:\/\/www.ostomaz.si\/index.php?rest_route=\/wp\/v2\/pages\/2347\/revisions"}],"predecessor-version":[{"id":23491,"href":"https:\/\/www.ostomaz.si\/index.php?rest_route=\/wp\/v2\/pages\/2347\/revisions\/23491"}],"up":[{"embeddable":true,"href":"https:\/\/www.ostomaz.si\/index.php?rest_route=\/wp\/v2\/pages\/1699"}],"wp:featuredmedia":[{"embeddable":true,"href":"https:\/\/www.ostomaz.si\/index.php?rest_route=\/wp\/v2\/media\/2377"}],"wp:attachment":[{"href":"https:\/\/www.ostomaz.si\/index.php?rest_route=%2Fwp%2Fv2%2Fmedia&parent=2347"}],"curies":[{"name":"wp","href":"https:\/\/api.w.org\/{rel}","templated":true}]}}

Upravljanje OŠ Sveti Tomaž

<p><span style="color: #0000ff"><strong>Upravljanje Osnovne šole Sveti Tomaž</strong></span></p>
<p>Šolo upravlja ravnatelj in Svet šole. Ravnatelj je Marko Lalić. Svet šole ima štiriletni mandat. Sestavljajo ga:</p>
<table width="700">
<tbody>
<tr>
<td><em><strong>Predstavniki ustanovitelja Občine Sveti Tomaž</strong></em></td>
<td>Zlatka Majcen</td>
<td>&#x7a;&#x6c;&#x61;&#116;&#107;&#97;&#46;m&#x61;&#x6a;&#x63;&#x65;&#110;&#64;gu&#x65;&#x73;&#x74;&#x2e;&#97;&#114;ne&#x73;&#x2e;&#x73;&#x69;</td>
</tr>
<tr>
<td>&nbsp;</td>
<td>Samuel Megla</td>
<td>samuel&#46;megla&#64;gmail&#46;com</td>
</tr>
<tr>
<td>&nbsp;</td>
<td>Dušanka Ozmec</td>
<td>&#x64;&#117;&#115;&#x61;&#x6e;&#107;&#97;&#x2e;&#x6f;&#122;&#109;&#x65;&#x63;&#64;&#103;&#x6d;&#x61;&#105;&#108;&#x2e;&#x63;&#111;&#109;</td>
</tr>
<tr>
<td><em><strong>Predstavnice staršev</strong></em></td>
<td>Jessica Metelko Bratuša</td>
<td>jess&#105;&#99;&#97;&#46;&#109;&#x65;&#x74;&#x65;&#x6c;&#x6b;&#x6f;&#x40;gmai&#108;&#46;&#99;&#111;&#109;</td>
</tr>
<tr>
<td>&nbsp;</td>
<td>Anita Vogrinec</td>
<td>anit&#97;&#46;&#118;&#111;&#103;&#114;&#105;&#x6e;&#x65;&#x63;&#x40;&#x67;&#x6d;&#x61;&#x69;&#x6c;&#46;com</td>
</tr>
<tr>
<td>&nbsp;</td>
<td>Jerneja Lesjak</td>
<td>&#106;e&#x72;n&#x65;j&#x61;&#97;&#x61;&#64;&#x67;&#109;a&#x69;l&#x2e;c&#x6f;&#109;</td>
</tr>
<tr>
<td><em><strong>Predstavniki OŠ Sveti Tomaž</strong></em></td>
<td>Tadeja Vrbnjak (predsednica)</td>
<td>&#x74;&#x61;&#x64;&#101;&#106;a&#46;&#x76;&#x72;&#x62;&#x6e;&#106;&#97;k&#64;&#x67;&#x6d;&#x61;&#105;&#108;&#46;co&#x6d;</td>
</tr>
<tr>
<td>&nbsp;</td>
<td>Ivanka Ozmec</td>
<td>&#x69;&#x76;&#97;&#110;k&#x61;&#x2e;&#x6f;&#122;me&#x63;&#x40;&#103;&#117;e&#x73;&#x74;&#x2e;&#97;rn&#x65;&#x73;&#46;&#115;i</td>
</tr>
<tr>
<td>&nbsp;</td>
<td>Sara Kramberger</td>
<td>sara&#46;&#107;&#114;&#97;&#109;&#x62;&#x65;&#x72;&#x67;&#x65;&#x72;&#x40;gmai&#108;&#46;&#99;&#111;&#109;</td>
</tr>
<tr>
<td>&nbsp;</td>
<td>Aleksandra Kelemina Plemenič</td>
<td>&#x61;&#x6b;&#x65;&#x6c;&#x65;&#x6d;&#x69;&#110;&#97;&#64;&#103;&#109;ail&#46;&#x63;&#x6f;&#x6d;</td>
</tr>
<tr>
<td>&nbsp;</td>
<td>Tanja Hebar</td>
<td>&#x74;&#x61;&#110;&#106;&#97;&#46;&#x6d;&#x69;&#x6b;&#115;&#97;&#64;g&#x75;&#x65;&#x73;&#116;&#46;a&#x72;&#x6e;&#x65;&#115;&#46;&#115;i</td>
</tr>
</tbody>
</table>
<p style="text-align: justify">Predstavnike staršev v Svet šole voli Svet staršev, ki je sestavljen iz predstavnikov staršev vsakega posameznega oddelka šole in vrtca in je organiziran za uresničevanje interesov staršev v šoli in v vrtcu. Svet staršev in Svet šole bosta delovala v skladu z veljavno zakonodajo in podzakonskimi predpisi, Pravili šole in Poslovnikom Sveta šole. Pristojnosti sveta šole opredeljuje 48. člen Zakona o organizaciji in financiranju v vzgoji in izobraževanju.</p>
<p>Nekaj najpomembnejših nalog iz pristojnosti Sveta šole:</p>
<ul>
<li>obravnava in sprejem Letnega delovnega načrta,</li>
<li>obravnava analize vzgojno &#8211; izobraževalnega dela,</li>
<li>spremljanje rezultatov projektov in ostalih oblik dela,</li>
<li>obravnava realizacije izvajanja Letnega delovnega načrta šole,</li>
<li>obravnava in sprejem letnega poročila z zaključnim računom,</li>
<li>ocenjevanje dela ravnateljice,</li>
<li>ostala tekoča problematika.</li>
</ul>

<p>Upravljanje Osnovne šole Sveti Tomaž [&hellip;]</p>
