{"id":17688,"date":"2022-07-05T08:18:34","date_gmt":"2022-07-05T06:18:34","guid":{"rendered":"https:\/\/ostomaz.splet.arnes.si\/?page_id=17688"},"modified":"2023-09-29T09:20:26","modified_gmt":"2023-09-29T07:20:26","slug":"aspnet-mreza-sol","status":"publish","type":"page","link":"https:\/\/www.ostomaz.si\/?page_id=17688","title":{"rendered":"UNESCO \u0160OLA"},"content":{"rendered":"<p>Slovenija sodeluje v UNESCOVIH projektih od let 1993. V letu 2021-22 je na\u0161a \u0161ola pridobila naziv <strong>kandidatke za \u010dlana. <\/strong>V projekt smo se vklju\u010dili zato, ker vizija na\u0161e \u0161ole sovpada s cilji ASPnet mre\u017ee \u0161ol. Smo ena izmed desetih \u0161ol v sredi\u0161\u010du Spodnje Podravje.<\/p>\n<p>Projekt zahteva dolo\u010dene naloge:<\/p>\n<ul>\n<li>sodelovanje vsaj v treh projektih,<\/li>\n<li>obele\u017eitev treh mednarodnih dni,<\/li>\n<li>predstavitev na spletni strani,<\/li>\n<li>obve\u0161\u010danje \u0161olske in lokalne skupnosti \u2026<\/li>\n<\/ul>\n<p>Povezava na spletno stran mre\u017ee: <a href=\"https:\/\/www.aspnet.si\/o-mrezi\/o-mrezi.html?subject=https:\/\/www.aspnet.si\/o-mrezi\/o-mrezi.html\">https:\/\/www.aspnet.si\/o-mrezi\/o-mrezi.html<\/a><\/p>\n<p>ngg_shortcode_0_placeholder<span style=\"color: #ff0000\"><strong>Osnovna \u0161ola Sveti Toma\u017e je v \u0161olskem letu 2023\/24 postala polnopravna \u010dlanica ASPnet \u2013 v mre\u017ei UNESCO pridru\u017eenih \u0161ol.<\/strong><\/span><\/p>\n<p>Ve\u010d informacij:&nbsp;<a href=\"https:\/\/www.aspnet.si\/\">https:\/\/www.aspnet.si\/<\/a><\/p>\n<p>V leto\u0161njem \u0161olskem letu bomo obele\u017eevali <strong>mednarodne dneve<\/strong> (sprotne objave).<\/p>\n<p>Sodelovali bomo <strong>v naslednjih projektih<\/strong>:<\/p>\n<ul>\n<li>Gozd in naravno okolje skozi otrokove o\u010di<\/li>\n<li>Moje pravice<\/li>\n<li>Ne dr\u017ei jezika za zobmi<\/li>\n<li>Skriti koti\u010dki mojega kraja<\/li>\n<li>Moder stol<\/li>\n<li>Obudimo pisanje pisem.<\/li>\n<\/ul>\n<p>&nbsp;<\/p>\n<p>&nbsp;<\/p>\n<p><strong>AKTIVNOSTI V \u0160OLSKEM LETU 2022 \/ 2023<\/strong><\/p>\n<p>V \u0161olskem letu 2022\/2023 je koordinatorico Pepco Kup\u010di\u010d zamenjala Maja Brom\u0161e.<\/p>\n<p>V leto\u0161njem \u0161olskem letu smo sodelovali v naslednjih projektih:<\/p>\n<ul>\n<li><strong>Zeli\u0161\u010da na\u0161ih babic<\/strong><\/li>\n<li><strong>Kam z odpadnim materialom<\/strong><\/li>\n<li><strong>Stara ig(ra)\u010da za novo veselje<\/strong><\/li>\n<li><strong>Moder stol \u2013 nekdo misli nate<\/strong><\/li>\n<\/ul>\n<p><strong>&nbsp;<\/strong><\/p>\n<p>Obele\u017eili smo tudi mednarodne dneve:<\/p>\n<ul>\n<li><strong> oktober \u2013 Svetovni dan u\u010diteljev<\/strong><\/li>\n<li><strong> november \u2013 Mednarodni dan strpnosti<\/strong><\/li>\n<li><strong> marec \u2013 Mednarodni dan \u017eena<\/strong><\/li>\n<li><strong> april \u2013 Svetovni dan knjige in avtorskih pravic<\/strong><\/li>\n<li><strong> junij \u2013 Svetovni dan okolja<\/strong><\/li>\n<\/ul>\n<p>ngg_shortcode_1_placeholder<strong>Aktivnosti v \u0161ol. letu 2021\/22<\/strong><\/p>\n<p>Sodelovali smo v \u0161tirih projektih, in sicer u\u010denci&nbsp; 1. VIO:<\/p>\n<p>KAM Z ODPADNIM MATERIALOM (u\u010denci 3. razreda),<\/p>\n<p>KAPLJICE \u017dIVLJENJA \u2013 VODA (u\u010denci 1. VIO),<\/p>\n<p>VZGAJAMO ZELI\u0160\u010cA (u\u010denci 3. razreda),<\/p>\n<p>DRUGA\u010cNOST&nbsp; NAS BOGATI (u\u010denci 2. razreda).<\/p>\n<p>&nbsp;<\/p>\n<p>Obele\u017eili smo tudi mednarodne dneve:<\/p>\n<ol start=\"16\">\n<li>november: Mednarodni dan strpnosti,<\/li>\n<li>december: Dan \u010dlovekovih pravic,<\/li>\n<li>april: Svetovni dan knjige in avtorskih pravic.<\/li>\n<\/ol>\n<p>&nbsp;<\/p>\n","protected":false},"excerpt":{"rendered":"<p>Slovenija sodeluje v UNESCOVIH projektih [&hellip;]<\/p>\n","protected":false},"author":735,"featured_media":0,"parent":2051,"menu_order":4,"comment_status":"closed","ping_status":"closed","template":"","meta":{"ngg_post_thumbnail":0,"footnotes":""},"class_list":["post-17688","page","type-page","status-publish","hentry"],"_links":{"self":[{"href":"https:\/\/www.ostomaz.si\/index.php?rest_route=\/wp\/v2\/pages\/17688","targetHints":{"allow":["GET"]}}],"collection":[{"href":"https:\/\/www.ostomaz.si\/index.php?rest_route=\/wp\/v2\/pages"}],"about":[{"href":"https:\/\/www.ostomaz.si\/index.php?rest_route=\/wp\/v2\/types\/page"}],"author":[{"embeddable":true,"href":"https:\/\/www.ostomaz.si\/index.php?rest_route=\/wp\/v2\/users\/735"}],"replies":[{"embeddable":true,"href":"https:\/\/www.ostomaz.si\/index.php?rest_route=%2Fwp%2Fv2%2Fcomments&post=17688"}],"version-history":[{"count":5,"href":"https:\/\/www.ostomaz.si\/index.php?rest_route=\/wp\/v2\/pages\/17688\/revisions"}],"predecessor-version":[{"id":19393,"href":"https:\/\/www.ostomaz.si\/index.php?rest_route=\/wp\/v2\/pages\/17688\/revisions\/19393"}],"up":[{"embeddable":true,"href":"https:\/\/www.ostomaz.si\/index.php?rest_route=\/wp\/v2\/pages\/2051"}],"wp:attachment":[{"href":"https:\/\/www.ostomaz.si\/index.php?rest_route=%2Fwp%2Fv2%2Fmedia&parent=17688"}],"curies":[{"name":"wp","href":"https:\/\/api.w.org\/{rel}","templated":true}]}}

UNESCO ŠOLA

<p>Slovenija sodeluje v UNESCOVIH projektih od let 1993. V letu 2021-22 je naša šola pridobila naziv <strong>kandidatke za člana. </strong>V projekt smo se vključili zato, ker vizija naše šole sovpada s cilji ASPnet mreže šol. Smo ena izmed desetih šol v središču Spodnje Podravje.</p>
<p>Projekt zahteva določene naloge:</p>
<ul>
<li>sodelovanje vsaj v treh projektih,</li>
<li>obeležitev treh mednarodnih dni,</li>
<li>predstavitev na spletni strani,</li>
<li>obveščanje šolske in lokalne skupnosti …</li>
</ul>
<p>Povezava na spletno stran mreže: <a href="https://www.aspnet.si/o-mrezi/o-mrezi.html?subject=https://www.aspnet.si/o-mrezi/o-mrezi.html">https://www.aspnet.si/o-mrezi/o-mrezi.html</a></p>
<p>ngg_shortcode_0_placeholder<span style="color: #ff0000"><strong>Osnovna šola Sveti Tomaž je v šolskem letu 2023/24 postala polnopravna članica ASPnet – v mreži UNESCO pridruženih šol.</strong></span></p>
<p>Več informacij:&nbsp;<a href="https://www.aspnet.si/">https://www.aspnet.si/</a></p>
<p>V letošnjem šolskem letu bomo obeleževali <strong>mednarodne dneve</strong> (sprotne objave).</p>
<p>Sodelovali bomo <strong>v naslednjih projektih</strong>:</p>
<ul>
<li>Gozd in naravno okolje skozi otrokove oči</li>
<li>Moje pravice</li>
<li>Ne drži jezika za zobmi</li>
<li>Skriti kotički mojega kraja</li>
<li>Moder stol</li>
<li>Obudimo pisanje pisem.</li>
</ul>
<p>&nbsp;</p>
<p>&nbsp;</p>
<p><strong>AKTIVNOSTI V ŠOLSKEM LETU 2022 / 2023</strong></p>
<p>V šolskem letu 2022/2023 je koordinatorico Pepco Kupčič zamenjala Maja Bromše.</p>
<p>V letošnjem šolskem letu smo sodelovali v naslednjih projektih:</p>
<ul>
<li><strong>Zelišča naših babic</strong></li>
<li><strong>Kam z odpadnim materialom</strong></li>
<li><strong>Stara ig(ra)ča za novo veselje</strong></li>
<li><strong>Moder stol – nekdo misli nate</strong></li>
</ul>
<p><strong>&nbsp;</strong></p>
<p>Obeležili smo tudi mednarodne dneve:</p>
<ul>
<li><strong> oktober – Svetovni dan učiteljev</strong></li>
<li><strong> november – Mednarodni dan strpnosti</strong></li>
<li><strong> marec – Mednarodni dan žena</strong></li>
<li><strong> april – Svetovni dan knjige in avtorskih pravic</strong></li>
<li><strong> junij – Svetovni dan okolja</strong></li>
</ul>
<p>ngg_shortcode_1_placeholder<strong>Aktivnosti v šol. letu 2021/22</strong></p>
<p>Sodelovali smo v štirih projektih, in sicer učenci&nbsp; 1. VIO:</p>
<p>KAM Z ODPADNIM MATERIALOM (učenci 3. razreda),</p>
<p>KAPLJICE ŽIVLJENJA – VODA (učenci 1. VIO),</p>
<p>VZGAJAMO ZELIŠČA (učenci 3. razreda),</p>
<p>DRUGAČNOST&nbsp; NAS BOGATI (učenci 2. razreda).</p>
<p>&nbsp;</p>
<p>Obeležili smo tudi mednarodne dneve:</p>
<ol start="16">
<li>november: Mednarodni dan strpnosti,</li>
<li>december: Dan človekovih pravic,</li>
<li>april: Svetovni dan knjige in avtorskih pravic.</li>
</ol>
<p>&nbsp;</p>
