{"id":14587,"date":"2020-09-01T14:08:05","date_gmt":"2020-09-01T12:08:05","guid":{"rendered":"http:\/\/ostomaz.splet.arnes.si\/?page_id=14587"},"modified":"2020-09-08T23:31:09","modified_gmt":"2020-09-08T21:31:09","slug":"skum","status":"publish","type":"page","link":"https:\/\/www.ostomaz.si\/?page_id=14587","title":{"rendered":"SKUM"},"content":{"rendered":"\r\n<figure class=\"wp-block-image size-large\"><a href=\"https:\/\/www.skum.si\/\"><img loading=\"lazy\" decoding=\"async\" class=\"wp-image-14635 aligncenter\" src=\"http:\/\/ostomaz.splet.arnes.si\/files\/2020\/09\/LOGO_SKUM.png\" alt=\"\" width=\"586\" height=\"93\" srcset=\"https:\/\/www.ostomaz.si\/files\/2020\/09\/LOGO_SKUM.png 690w, https:\/\/www.ostomaz.si\/files\/2020\/09\/LOGO_SKUM-300x48.png 300w, https:\/\/www.ostomaz.si\/files\/2020\/09\/LOGO_SKUM-624x99.png 624w\" sizes=\"auto, (max-width: 586px) 100vw, 586px\" \/><\/a><\/figure>\r\n<p>&nbsp;<\/p>\r\n<p>Projekt SKUM je vseslovenski projekt, katerega namen je razvoj in udejanjanje inovativnih u\u010dnih okolij in pro\u017enih oblik u\u010denja za dvig splo\u0161nih kompetenc. Osrednja ideja projekta je, da ima umetni\u0161ka izku\u0161nja poseben pedago\u0161ki potencial.<\/p>\r\n<p>V projektu sodeluje ve\u010d kot sto profesionalnih kulturnih ustanov, ustvarjalcev in umetnikov v povezavi z vzgojno-izobra\u017eevalnimi zavodi, da bi tudi vrtce in \u0161ole pre\u017eemala umetnost. V vzgojno-izobra\u017eevalni proces bo umetnik vstopil kot partner in s svojimi idejami ter edinstvenim na\u010dinom dela obogatil pedago\u0161ko delo. Tako bomo med u\u010denci in umetnostjo vzpostavili \u0161e tesnej\u0161i stik.<\/p>\r\n<p>Cilj projekta je torej razviti in preizkusiti didakti\u010dne pristope, ki bodo prispevali k dvigu splo\u0161nih kompetenc, \u0161e posebej na podro\u010dju sporazumevalnih zmo\u017enosti, ustvarjalnosti, kulturne raznolikosti, kriti\u010dnega odnosa do kulture in umetnosti, poleg tega pa omogo\u010diti otrokom aktivno spoznavanje razli\u010dnih podro\u010dij kulture. Na\u0161a \u0161ola bo v sodelovanju z umetniki in kulturnimi ustanovami razvijala in preizku\u0161ala u\u010dinkovite pristope pou\u010devanja preko umetnosti ter v umetnosti.<\/p>\r\n<p>Projekt bomo izvajali pet let, in sicer med leti 2017 in 2022.<\/p>\r\n<p>&nbsp;<\/p>\r\n<p><em>Pri projektu sodelujejo strokovni sodelavci \u0161ole in vrtca:<\/em><\/p>\r\n<p><em>Aleksandra Kelemina Plemeni\u010d<\/em><\/p>\r\n<p><em>Mateja Munda<\/em><\/p>\r\n<p><em>Marko Lali\u0107<\/em><\/p>\r\n<p><em>Tanja Hebar<\/em><\/p>\r\n<p><em>Maja Brom\u0161e<\/em><\/p>\r\n<p><em>Zvonka Lali\u0107<\/em><\/p>\r\n<p><em>Katarina Pondrk <\/em><\/p>\r\n<p><em>Valerija Gregorin Magdi\u010d<\/em><\/p>\r\n<p><em>\u00a0<\/em><\/p>\r\n<p><em>Marko Lali\u0107, koordinator projekta<\/em><\/p>\r\n<p>&nbsp;<\/p>\r\n<p><img loading=\"lazy\" decoding=\"async\" class=\"aligncenter size-full wp-image-14739\" src=\"http:\/\/ostomaz.splet.arnes.si\/files\/2020\/09\/skum.jpg\" alt=\"\" width=\"707\" height=\"67\" srcset=\"https:\/\/www.ostomaz.si\/files\/2020\/09\/skum.jpg 707w, https:\/\/www.ostomaz.si\/files\/2020\/09\/skum-300x28.jpg 300w, https:\/\/www.ostomaz.si\/files\/2020\/09\/skum-624x59.jpg 624w\" sizes=\"auto, (max-width: 707px) 100vw, 707px\" \/><\/p>\r\n","protected":false},"excerpt":{"rendered":"","protected":false},"author":735,"featured_media":14635,"parent":0,"menu_order":0,"comment_status":"closed","ping_status":"closed","template":"","meta":{"ngg_post_thumbnail":0,"footnotes":""},"class_list":["post-14587","page","type-page","status-publish","has-post-thumbnail","hentry"],"_links":{"self":[{"href":"https:\/\/www.ostomaz.si\/index.php?rest_route=\/wp\/v2\/pages\/14587","targetHints":{"allow":["GET"]}}],"collection":[{"href":"https:\/\/www.ostomaz.si\/index.php?rest_route=\/wp\/v2\/pages"}],"about":[{"href":"https:\/\/www.ostomaz.si\/index.php?rest_route=\/wp\/v2\/types\/page"}],"author":[{"embeddable":true,"href":"https:\/\/www.ostomaz.si\/index.php?rest_route=\/wp\/v2\/users\/735"}],"replies":[{"embeddable":true,"href":"https:\/\/www.ostomaz.si\/index.php?rest_route=%2Fwp%2Fv2%2Fcomments&post=14587"}],"version-history":[{"count":6,"href":"https:\/\/www.ostomaz.si\/index.php?rest_route=\/wp\/v2\/pages\/14587\/revisions"}],"predecessor-version":[{"id":14743,"href":"https:\/\/www.ostomaz.si\/index.php?rest_route=\/wp\/v2\/pages\/14587\/revisions\/14743"}],"wp:featuredmedia":[{"embeddable":true,"href":"https:\/\/www.ostomaz.si\/index.php?rest_route=\/wp\/v2\/media\/14635"}],"wp:attachment":[{"href":"https:\/\/www.ostomaz.si\/index.php?rest_route=%2Fwp%2Fv2%2Fmedia&parent=14587"}],"curies":[{"name":"wp","href":"https:\/\/api.w.org\/{rel}","templated":true}]}}